ands digit of 50479692?
7
What is the ten thousands digit of 55960033?
6
What is the hundreds digit of 133917542?
5
What is the ten thousands digit of 149889764?
8
What is the hundred thousands digit of 2245647916?
6
What is the ten thousands digit of 510683759?
8
What is the ten millions digit of 1325511089?
2
What is the thousands digit of 713609232?
9
What is the ten millions digit of 924223187?
2
What is the ten thousands digit of 3169545348?
4
What is the tens digit of 484469681?
8
What is the thousands digit of 14903239?
3
What is the tens digit of 6788869246?
4
What is the millions digit of 208028353?
8
What is the hundreds digit of 308522283?
2
What is the thousands digit of 96690277?
0
What is the units digit of 28934112?
2
What is the units digit of 182567839?
9
What is the millions digit of 58473612?
8
What is the hundreds digit of 981356035?
0
What is the ten millions digit of 1142494290?
4
What is the tens digit of 21115846?
4
What is the units digit of 1844516349?
9
What is the thousands digit of 153818529?
8
What is the millions digit of 1116256742?
6
What is the billions digit of 4194523059?
4
What is the units digit of 5305886142?
2
What is the millions digit of 11739671?
1
What is the hundred thousands digit of 1486360263?
3
What is the tens digit of 33085773?
7
What is the millions digit of 1217233314?
7
What is the ten millions digit of 53137752?
5
What is the hundred thousands digit of 324319011?
3
What is the thousands digit of 11690133?
0
What is the thousands digit of 40665572?
5
What is the hundreds digit of 2470623037?
0
What is the millions digit of 60493768?
0
What is the hundred thousands digit of 164604950?
6
What is the hundred thousands digit of 125951181?
9
What is the hundred thousands digit of 22931373?
9
What is the thousands digit of 259707023?
7
What is the thousands digit of 21725312?
5
What is the hundred thousands digit of 56808610?
8
What is the millions digit of 353701206?
3
What is the thousands digit of 582446260?
6
What is the units digit of 254316296?
6
What is the ten thousands digit of 164517?
6
What is the hundred millions digit of 1398710856?
3
What is the ten millions digit of 214761840?
1
What is the hundred millions digit of 1620989083?
6
What is the millions digit of 109957845?
9
What is the ten thousands digit of 678150805?
5
What is the tens digit of 302615151?
5
What is the ten millions digit of 2362111554?
6
What is the thousands digit of 52339532?
9
What is the hundreds digit of 72736879?
8
What is the millions digit of 109995005?
9
What is the units digit of 34073626?
6
What is the hundred thousands digit of 136989095?
9
What is the ten thousands digit of 1351932430?
3
What is the hundred millions digit of 924542980?
9
What is the hundreds digit of 9324330?
3
What is the ten millions digit of 129273043?
2
What is the hundreds digit of 23357376?
3
What is the units digit of 647181134?
4
What is the units digit of 132123162?
2
What is the units digit of 83675913?
3
What is the ten millions digit of 246538489?
4
What is the hundred thousands digit of 6466321323?
3
What is the hundred thousands digit of 101293711?
2
What is the hundred millions digit of 2280641609?
2
What is the tens digit of 20062179?
7
What is the hundreds digit of 985209325?
3
What is the ten millions digit of 24106603?
2
What is the hundred millions digit of 7220567744?
2
What is the hundreds digit of 118079929?
9
What is the ten millions digit of 594365556?
9
What is the hundred millions digit of 458400897?
4
What is the millions digit of 355982754?
5
What is the millions digit of 645366223?
5
What is the ten millions digit of 15952650?
1
What is the millions digit of 176412958?
6
What is the thousands digit of 8948555?
8
What is the ten thousands digit of 95931108?
3
What is the units digit of 292257632?
2
What is the ten millions digit of 1286475510?
8
What is the millions digit of 7741172774?
1
What is the units digit of 25531515?
5
What is the hundred thousands digit of 1276261734?
2
What is the millions digit of 6009160838?
9
What is the millions digit of 4320291833?
0
What is the tens digit of 2373398117?
1
What is the hundreds digit of 199625371?
3
What is the units digit of 226124148?
8
What is the thousands digit of 630018970?
8
What is the thousands digit of 994699818?
9
What is the hundred thousands digit of 65885992?
8
What is the millions digit of 102015382?
2
What is the thousands digit of 179200445?
0
What is the billions digit of 1550968403?
1
What is the tens digit of 27827003?
0
What is the millions digit of 2991306269?
1
What is the ten thousands digit of 94305041?
0
What is the hundreds digit of 160484562?
5
What is the ten thousands digit of 1135953647?
5
What is the ten millions digit of 493828307?
9
What is the ten millions digit of 133604020?
3
What is the tens digit of 626606974?
7
What is the hundreds digit of 74860108?
1
What is the ten thousands digit of 211933947?
3
What is the millions digit of 17735236?
7
What is the hundred thousands digit of 44891553?
8
What is the ten millions digit of 99984379?
9
What is the hundred millions digit of 999075694?
9
What is the hundred millions digit of 1027606500?
0
What is the ten millions digit of 1089910449?
8
What is the ten thousands digit of 279991508?
9
What is the ten thousands digit of 48603379?
0
What is the thousands digit of 1651160845?
0
What is the units digit of 50967217?
7
What is the ten millions digit of 3836780343?
3
What is the ten millions digit of 27507287?
2
What is the thousands digit of 55662292?
2
What is the hundred thousands digit of 4373057064?
0
What is the hundreds digit of 4165128551?
5
What is the ten thousands digit of 56386150?
8
What is the hundred thousands digit of 106697779?
6
What is the ten thousands digit of 4990994?
9
What is the hundred thousands digit of 1225881405?
8
What is the millions digit of 4216595222?
6
What is the millions digit of 1038485213?
8
What is the hundred millions digit of 628013658?
6
What is the tens digit of 405084741?
4
What is the hundred thousands digit of 323161691?
1
What is the hundreds digit of 174942243?
2
What is the billions digit of 5031007794?
5
What is the ten thousands digit of 97831727?
3
What is the hundred thousands digit of 956409062?
4
What is the units digit of 2393779489?
9
What is the ten millions digit of 18631032?
1
What is the hundred thousands digit of 1403281?
4
What is the hundred thousands digit of 1429062534?
0
What is the hundreds digit of 995242841?
8
What is the thousands digit of 445384637?
4
What is the tens digit of 34092357?
5
What is the thousands digit of 132871457?
1
What is the hundreds digit of 1066217547?
5
What is the millions digit of 185124603?
5
What is the units digit of 94345044?
4
What is the hundreds digit of 91279849?
8
What is the tens digit of 750477287?
8
What is the hundred thousands digit of 3627996495?
9
What is the hundreds digit of 168015727?
7
What is the units digit of 737944372?
2
What is the tens digit of 2139022276?
7
What is the millions digit of 213607884?
3
What is the ten thousands digit of 289360960?
6
What is the thousands digit of 1799283736?
3
What is the thousands digit of 29708891?
8
What is the ten millions digit of 822170433?
2
What is the hundred millions digit of 132064831?
1
What is the millions digit of 766320374?
6
What is the thousands digit of 2077819502?
9
What is the hundred millions digit of 658632651?
6
What is the ten thousands digit of 545090973?
9
What is the units digit of 2169319251?
1
What is the ten millions digit of 2380370561?
8
What is the hundreds digit of 1503129916?
9
What is the millions digit of 1211280368?
1
What is the units digit of 307804387?
7
What is the thousands digit of 62465785?
5
What is the thousands digit of 175002483?
2
What is the hundred thousands digit of 854508283?
5
What is the ten millions digit of 498873216?
9
What is the thousands digit of 1457887470?
7
What is the units digit of 67620047?
7
What is the hundred thousands digit of 2262777962?
7
What is the billions digit of 3550592477?
3
What is the units digit of 89623961?
1
What is the hundred thousands digit of 5759569?
7
What is the ten millions digit of 3104344940?
0
What is the hundred thousands digit 